{"id":89,"date":"2025-02-10T00:01:40","date_gmt":"2025-02-10T00:01:40","guid":{"rendered":"https:\/\/insumosganaderos.com.ar\/shop\/?post_type=product&#038;p=89"},"modified":"2025-02-10T03:42:49","modified_gmt":"2025-02-10T03:42:49","slug":"jeringa-metalica-insumos-ganaderos-x-50-cc","status":"publish","type":"product","link":"https:\/\/insumosganaderos.com.ar\/shop\/producto\/jeringa-metalica-insumos-ganaderos-x-50-cc\/","title":{"rendered":"Jeringa Metalica Insumos Ganaderos X 50 Cc"},"content":{"rendered":"<p>Bienvenidos, somos INSUMOS GANADEROS, tu aliado confiable en el mundo agropecuario; expertos en la importaci\u00f3n, fabricacion y comercializaci\u00f3n de suministros agropecuarios de alta calidad. Destacamos por:<br \/>\n&#8211; Env\u00edos gratuitos a nivel nacional: Llevamos nuestros productos a todos los rincones del pa\u00eds sin costo adicional para ti.<br \/>\n&#8211; Garant\u00eda de calidad: Todos nuestros productos est\u00e1n respaldados por nuestra garant\u00eda de calidad.<\/p>\n<p>Las jeringas autom\u00e1ticas est\u00e1n dise\u00f1adas para un uso c\u00f3modo, con mangos que permiten una aplicaci\u00f3n continua y reducen la fatiga del usuario. Est\u00e1n fabricadas con materiales de alta resistencia, lo que asegura durabilidad en condiciones exigentes.<\/p>\n<p>Garant\u00eda del vendedor: 1 meses<\/p>\n<p>Garant\u00eda del vendedor: 30 d\u00edas<\/p>\n","protected":false},"excerpt":{"rendered":"<p>Las jeringas autom\u00e1ticas est\u00e1n dise\u00f1adas para un uso c\u00f3modo, con mangos que permiten una aplicaci\u00f3n continua y reducen la fatiga del usuario. Est\u00e1n fabricadas con materiales de alta resistencia, lo que asegura durabilidad en condiciones exigentes<\/p>\n","protected":false},"featured_media":234,"template":"","meta":{"_joinchat":[]},"product_brand":[],"product_cat":[16],"product_tag":[],"class_list":{"0":"post-89","1":"product","2":"type-product","3":"status-publish","4":"has-post-thumbnail","6":"product_cat-jeringas-automaticas","8":"first","9":"instock","10":"featured","11":"taxable","12":"shipping-taxable","13":"purchasable","14":"product-type-simple"},"_links":{"self":[{"href":"https:\/\/insumosganaderos.com.ar\/shop\/wp-json\/wp\/v2\/product\/89","targetHints":{"allow":["GET"]}}],"collection":[{"href":"https:\/\/insumosganaderos.com.ar\/shop\/wp-json\/wp\/v2\/product"}],"about":[{"href":"https:\/\/insumosganaderos.com.ar\/shop\/wp-json\/wp\/v2\/types\/product"}],"wp:featuredmedia":[{"embeddable":true,"href":"https:\/\/insumosganaderos.com.ar\/shop\/wp-json\/wp\/v2\/media\/234"}],"wp:attachment":[{"href":"https:\/\/insumosganaderos.com.ar\/shop\/wp-json\/wp\/v2\/media?parent=89"}],"wp:term":[{"taxonomy":"product_brand","embeddable":true,"href":"https:\/\/insumosganaderos.com.ar\/shop\/wp-json\/wp\/v2\/product_brand?post=89"},{"taxonomy":"product_cat","embeddable":true,"href":"https:\/\/insumosganaderos.com.ar\/shop\/wp-json\/wp\/v2\/product_cat?post=89"},{"taxonomy":"product_tag","embeddable":true,"href":"https:\/\/insumosganaderos.com.ar\/shop\/wp-json\/wp\/v2\/product_tag?post=89"}],"curies":[{"name":"wp","href":"https:\/\/api.w.org\/{rel}","templated":true}]}}